{"id":13,"date":"2021-09-15T06:57:30","date_gmt":"2021-09-15T06:57:30","guid":{"rendered":"https:\/\/blog.bbqmaster.ch\/?page_id=13"},"modified":"2022-02-16T10:04:24","modified_gmt":"2022-02-16T10:04:24","slug":"ueber-uns","status":"publish","type":"page","link":"https:\/\/blog.bbqmaster.ch\/?page_id=13","title":{"rendered":"\u00dcber uns"},"content":{"rendered":"<p><img loading=\"lazy\" decoding=\"async\" class=\"alignnone wp-image-42 size-full\" src=\"https:\/\/blog.bbqmaster.ch\/wp-content\/uploads\/2021\/09\/Kehrsiten_mood_pics2_web_1800x650px-10-von-19.jpg\" alt=\"\" width=\"1800\" height=\"650\" srcset=\"https:\/\/blog.bbqmaster.ch\/wp-content\/uploads\/2021\/09\/Kehrsiten_mood_pics2_web_1800x650px-10-von-19.jpg 1800w, https:\/\/blog.bbqmaster.ch\/wp-content\/uploads\/2021\/09\/Kehrsiten_mood_pics2_web_1800x650px-10-von-19-300x108.jpg 300w, https:\/\/blog.bbqmaster.ch\/wp-content\/uploads\/2021\/09\/Kehrsiten_mood_pics2_web_1800x650px-10-von-19-1024x370.jpg 1024w, https:\/\/blog.bbqmaster.ch\/wp-content\/uploads\/2021\/09\/Kehrsiten_mood_pics2_web_1800x650px-10-von-19-768x277.jpg 768w, https:\/\/blog.bbqmaster.ch\/wp-content\/uploads\/2021\/09\/Kehrsiten_mood_pics2_web_1800x650px-10-von-19-1536x555.jpg 1536w, https:\/\/blog.bbqmaster.ch\/wp-content\/uploads\/2021\/09\/Kehrsiten_mood_pics2_web_1800x650px-10-von-19-150x54.jpg 150w\" sizes=\"auto, (max-width: 1800px) 100vw, 1800px\" \/><\/p>\n<p>Aus unserer Leidenschaft mit Freunden und Familie zu grillen entstand 2007 die Idee zur Marke BBQ Master. Mit viel Herzblut und Hingabe wurden erst Gas-, Elektro- und sp\u00e4ter Kamadogrills designt und entwickelt. Anf\u00e4nglich nur in unserem Heimmarkt Schweiz, sind seit 2019 BBQ Master Produkte auch in Deutschland und \u00d6sterreich erh\u00e4ltlich.<\/p>\n<p>Wir legen grossen Wert auf Qualit\u00e4t, Sicherheit und ein sch\u00f6nes Produkt. Bei BBQ Master haben Sie alles aus einer Hand, wir sind Hersteller, Vertriebspartner und Kundenservice. Der direkte Vertriebsweg \u00fcber unsere eigenen Online Stores und Showrooms erm\u00f6glicht uns den uneingeschr\u00e4nkten Kontakt und Austausch mit unseren Kunden. Der gr\u00f6sste Vorteil dieser Vertriebsstrategie besteht aber darin, dass wir unsere hochwertigen Produkte zu fairen Preisen anbieten k\u00f6nnen.<br \/>\nWir pflegen regen Kontakt mit unserer Community in den Sozialen Medien. So stellen wir regelm\u00e4ssig neue Modelle, Rezeptideen oder Anleitungen auf YouTube, Facebook und Instagram vor.<\/p>\n<p>In unseren Grillkursen k\u00f6nnen Sie ausserdem von Profis lernen was man mit BBQ Master Grills alles zubereiten kann.<\/p>\n<table cellspacing=\"1\" cellpadding=\"1\">\n<tbody>\n<tr>\n<td><img loading=\"lazy\" decoding=\"async\" src=\"https:\/\/bbqmaster.shop\/upload\/extern\/Qualitaetssiegel.png\" alt=\"\" width=\"50\" height=\"50\" \/><\/td>\n<td>BBQ Master steht seit \u00fcber 15 Jahren f\u00fcr qualitativ hochstehende Gas- Holzkohle- und Elektrogrills. Mit einem ausgezeichneten Preis- Leistungsverh\u00e4ltnis und grossem Zubeh\u00f6rsortiment erfreuen wir uns einer zufriedenen und wachsenden Kundschaft.<\/td>\n<\/tr>\n<tr>\n<td><img loading=\"lazy\" decoding=\"async\" src=\"https:\/\/bbqmaster.shop\/upload\/extern\/thumbnail_Techniksiegel.png\" alt=\"\" width=\"50\" height=\"50\" \/><\/td>\n<td>BBQ Master wird im Herzen der Schweiz entwickelt und designed. Unsere grossen Vorbilder sind die amerikanischen BBQ Klassiker neu interpretiert. Die Technik von BBQ Master wird laufend weiterentwickelt.<\/td>\n<\/tr>\n<tr>\n<td><img loading=\"lazy\" decoding=\"async\" src=\"https:\/\/bbqmaster.shop\/upload\/extern\/thumbnail_Sicherheitssiegel.png\" alt=\"\" width=\"50\" height=\"50\" \/><\/td>\n<td>Ihre Sicherheit liegt uns am Herzen. Die neuen Modelle werden mit Sicherheitsgasdruckregler ausgeliefert. Diese verf\u00fcgen \u00fcber eine Schlauchsicherung und ein Manometer zur Dichtigkeitspr\u00fcfung.<\/td>\n<\/tr>\n<tr>\n<td><img loading=\"lazy\" decoding=\"async\" src=\"https:\/\/bbqmaster.shop\/upload\/extern\/thumbnail_PreisLeistunssiegel.png\" alt=\"\" width=\"50\" height=\"51\" \/><\/td>\n<td>Sie kaufen direkt vom Produzenten und profitieren doppelt mit einem 1A Preis-Leistungs-Verh\u00e4ltnis und einer hervorragenden Ersatzteilverf\u00fcgbarkeit.<\/td>\n<\/tr>\n<tr>\n<td><img loading=\"lazy\" decoding=\"async\" src=\"https:\/\/bbqmaster.shop\/upload\/extern\/thumbnail_Vergleichssiegel.png\" alt=\"\" width=\"50\" height=\"48\" \/><\/td>\n<td>Nehmen Sie sich einen Moment Zeit und vergleichen Sie Preis und Eigenschaften der BBQ Master zu anderen Produkten auf dem Markt. Wir sind \u00fcberzeugt, dass Sie mit einem BBQ Master eine kluge Entscheidung treffen, an der Sie lange Freude haben werden!<\/td>\n<\/tr>\n<\/tbody>\n<\/table>\n<p>&nbsp;<\/p>\n<table cellspacing=\"1\" cellpadding=\"1\">\n<tbody>\n<tr>\n<td><img decoding=\"async\" src=\"https:\/\/bbqmaster.shop\/upload\/ma\/4_3546403.jpg\" alt=\"\" \/><\/td>\n<td><strong>Mischa Stamm \u2013 Inhaber<\/strong><\/p>\n<p>\u00abAm liebsten grille ich am Wochenende f\u00fcr meine ganze Familie\u00bb<\/p>\n<p>Meine Spezialit\u00e4t: Lamm Rack, gef\u00fcllte Paprika mit Quinoa und Feta<br \/>\nMein Grill: BBQ Master Kamado XL Pro<br \/>\nMein Zubeh\u00f6r: Smart Wireless Bluetooth BBQ Thermometer<\/td>\n<\/tr>\n<tr>\n<td><a href=\"http:\/\/www.youtube.com\/watch?v=i2DaLmRkV4Q\" target=\"_blank\" rel=\"noopener\"><img loading=\"lazy\" decoding=\"async\" src=\"https:\/\/bbqmaster.shop\/upload\/ma\/8_6891630.jpg\" alt=\"\" width=\"300\" height=\"160\" \/><\/a><br \/>\n<img decoding=\"async\" src=\"https:\/\/bbqmaster.shop\/upload\/ma\/8_6585598.jpg\" alt=\"\" \/><\/td>\n<td>\n<div><strong>Remigi Waser \u2013 Inhaber<\/strong><\/div>\n<p>\u00abIch grille mit grosser Leidenschaft fast t\u00e4glich f\u00fcr Familie und Freunde\u00bb<\/p>\n<p>Meine Spezialit\u00e4t: Black Angus Ribeye am St\u00fcck mit Bratkartoffeln, Ratatouille und hausgemachter Yoghurtsauce<br \/>\nMein Grill: BBQ Master XL Premium<br \/>\nMein Zubeh\u00f6r: Argentinischer Grillrost, Gusseisentopf<\/td>\n<\/tr>\n<tr>\n<td><img decoding=\"async\" src=\"https:\/\/bbqmaster.shop\/upload\/ma\/t1_7206256.jpg\" alt=\"\" \/><br \/>\n<img loading=\"lazy\" decoding=\"async\" src=\"https:\/\/bbqmaster.shop\/upload\/ma\/1_7206256.jpg\" alt=\"\" width=\"300\" height=\"160\" \/><\/td>\n<td><strong>Ralf Jancker \u2013\u00a0<\/strong><strong>Leiter Standort Reiden<\/strong><\/p>\n<p>Meine Spezialit\u00e4t: Filetsteak mit runden S\u00fcsskartoffeln mit K\u00e4se und Bacon gef\u00fcllt, Gem\u00fcse vom Grill mit hausgemachtem Dressing<br \/>\nMein Grill: Volt Elektrogrill f\u00fcr den Alltag \u2013 schnell auf Temperatur und einfach zu reinigen<br \/>\nMein Zubeh\u00f6r: Teppanyaki Edelstahlplatte<\/td>\n<\/tr>\n<tr>\n<td><a href=\"https:\/\/www.youtube.com\/watch?v=Xg4Csje1qGE\" target=\"_blank\" rel=\"noopener\"><img loading=\"lazy\" decoding=\"async\" src=\"https:\/\/bbqmaster.ch\/upload\/ma\/6_8694362.jpg\" alt=\"\" width=\"300\" height=\"160\" \/><\/a><\/td>\n<td><strong>Renato K\u00fcmin \u2013 Back Office<\/strong><\/p>\n<p>Meine Spezialit\u00e4t: Flank Steak mit marinierten Karotten und selbstgemachter Kr\u00e4uterbutter<br \/>\nMein Grill: BBQ Master Oberhitzegrill Top Heat L<br \/>\nMein Zubeh\u00f6r: Lavastein Top Heat<\/td>\n<\/tr>\n<tr>\n<td><a href=\"https:\/\/www.youtube.com\/watch?v=-4eCVWRbK-E\" target=\"_blank\" rel=\"noopener\"><img loading=\"lazy\" decoding=\"async\" src=\"https:\/\/bbqmaster.ch\/upload\/ma\/7_8759247.jpg\" alt=\"\" width=\"300\" height=\"160\" \/><\/a><\/td>\n<td><strong>Lukas Bollmann \u2013 Back Office und Verkauf<\/strong><\/p>\n<p>Meine Spezialit\u00e4t: Rehschnitzel mit Sp\u00e4tzli, Rotkraut und Pilzrahmsauce<br \/>\nMein Grill: BBQ Master XL Premium<br \/>\nMein Zubeh\u00f6r: Gusseisentopf<\/td>\n<\/tr>\n<tr>\n<td><a href=\"https:\/\/www.youtube.com\/watch?v=KxqEiv1AGTA\" target=\"_blank\" rel=\"noopener\"><img loading=\"lazy\" decoding=\"async\" src=\"https:\/\/bbqmaster.shop\/upload\/ma\/5_5458399.jpg\" alt=\"\" width=\"300\" height=\"160\" \/><\/a><\/td>\n<td><strong>Viviane Bader \u2013 Marketing Manager<\/strong><\/p>\n<p>Meine Spezialit\u00e4t: Gegrillter Lattich an Sesamdressing mit Baba Ganoush und Pitabrot<br \/>\nMein Grill: BBQ Master XL Premium<br \/>\nMein Zubeh\u00f6r: Gusseisenplatte<\/td>\n<\/tr>\n<\/tbody>\n<\/table>\n","protected":false},"excerpt":{"rendered":"<p>Aus unserer Leidenschaft mit Freunden und Familie zu grillen entstand 2007 die Idee zur Marke BBQ Master. Mit viel Herzblut und Hingabe wurden erst Gas-, Elektro- und sp\u00e4ter Kamadogrills designt und entwickelt. Anf\u00e4nglich nur in unserem Heimmarkt Schweiz, sind seit 2019 BBQ Master Produkte auch in Deutschland und \u00d6sterreich erh\u00e4ltlich&#8230;.<\/p>\n<p> <a class=\"continue-reading-link\" href=\"https:\/\/blog.bbqmaster.ch\/?page_id=13\"><span>Continue reading<\/span><i class=\"crycon-right-dir\"><\/i><\/a> <\/p>\n","protected":false},"author":1,"featured_media":0,"parent":0,"menu_order":0,"comment_status":"closed","ping_status":"closed","template":"","meta":{"footnotes":""},"class_list":["post-13","page","type-page","status-publish","hentry"],"_links":{"self":[{"href":"https:\/\/blog.bbqmaster.ch\/index.php?rest_route=\/wp\/v2\/pages\/13","targetHints":{"allow":["GET"]}}],"collection":[{"href":"https:\/\/blog.bbqmaster.ch\/index.php?rest_route=\/wp\/v2\/pages"}],"about":[{"href":"https:\/\/blog.bbqmaster.ch\/index.php?rest_route=\/wp\/v2\/types\/page"}],"author":[{"embeddable":true,"href":"https:\/\/blog.bbqmaster.ch\/index.php?rest_route=\/wp\/v2\/users\/1"}],"replies":[{"embeddable":true,"href":"https:\/\/blog.bbqmaster.ch\/index.php?rest_route=%2Fwp%2Fv2%2Fcomments&post=13"}],"version-history":[{"count":5,"href":"https:\/\/blog.bbqmaster.ch\/index.php?rest_route=\/wp\/v2\/pages\/13\/revisions"}],"predecessor-version":[{"id":207,"href":"https:\/\/blog.bbqmaster.ch\/index.php?rest_route=\/wp\/v2\/pages\/13\/revisions\/207"}],"wp:attachment":[{"href":"https:\/\/blog.bbqmaster.ch\/index.php?rest_route=%2Fwp%2Fv2%2Fmedia&parent=13"}],"curies":[{"name":"wp","href":"https:\/\/api.w.org\/{rel}","templated":true}]}}